943 is divided by 157?
1
What is the remainder when 1396365 is divided by 34?
19
What is the remainder when 1485 is divided by 565?
355
What is the remainder when 2289 is divided by 43?
10
Calculate the remainder when 355544 is divided by 22221.
8
Calculate the remainder when 126942 is divided by 65.
62
Calculate the remainder when 19387 is divided by 67.
24
Calculate the remainder when 687 is divided by 120.
87
Calculate the remainder when 28118 is divided by 17.
0
Calculate the remainder when 8310 is divided by 930.
870
What is the remainder when 3542 is divided by 761?
498
Calculate the remainder when 16193 is divided by 810.
803
What is the remainder when 120757 is divided by 2808?
13
What is the remainder when 453358 is divided by 15?
13
Calculate the remainder when 21755 is divided by 144.
11
Calculate the remainder when 6948 is divided by 1136.
132
Calculate the remainder when 25519 is divided by 440.
439
What is the remainder when 159200 is divided by 361?
360
Calculate the remainder when 55040 is divided by 10989.
95
What is the remainder when 20255 is divided by 22?
15
Calculate the remainder when 1553 is divided by 260.
253
What is the remainder when 44875 is divided by 371?
355
Calculate the remainder when 28605 is divided by 1301.
1284
Calculate the remainder when 496636 is divided by 13.
10
Calculate the remainder when 285941 is divided by 2486.
51
Calculate the remainder when 215596 is divided by 308.
304
Calculate the remainder when 1126 is divided by 588.
538
What is the remainder when 44683 is divided by 813?
781
What is the remainder when 51195 is divided by 5116?
35
Calculate the remainder when 10102 is divided by 313.
86
Calculate the remainder when 725 is divided by 667.
58
What is the remainder when 359014 is divided by 40?
14
What is the remainder when 15248 is divided by 173?
24
Calculate the remainder when 25521 is divided by 185.
176
Calculate the remainder when 42881 is divided by 8497.
396
Calculate the remainder when 42628 is divided by 6089.
5
What is the remainder when 113098 is divided by 9?
4
What is the remainder when 13505 is divided by 6740?
25
What is the remainder when 9175 is divided by 37?
36
Calculate the remainder when 2469 is divided by 67.
57
Calculate the remainder when 16563 is divided by 436.
431
What is the remainder when 4101 is divided by 37?
31
Calculate the remainder when 612913 is divided by 25.
13
What is the remainder when 12268 is divided by 1224?
28
What is the remainder when 705166 is divided by 362?
352
Calculate the remainder when 19342 is divided by 1088.
846
Calculate the remainder when 184813 is divided by 8.
5
What is the remainder when 219977 is divided by 974?
827
Calculate the remainder when 1473 is divided by 295.
293
Calculate the remainder when 6292 is divided by 77.
55
What is the remainder when 6176 is divided by 51?
5
What is the remainder when 2263268 is divided by 1131631?
6
What is the remainder when 47987 is divided by 331?
323
What is the remainder when 26877 is divided by 14?
11
What is the remainder when 26704 is divided by 6671?
20
What is the remainder when 697813 is divided by 14?
11
What is the remainder when 244604 is divided by 82?
80
What is the remainder when 553 is divided by 122?
65
What is the remainder when 500519 is divided by 20?
19
Calculate the remainder when 61903 is divided by 90.
73
Calculate the remainder when 1291 is divided by 34.
33
What is the remainder when 1765655 is divided by 72?
71
What is the remainder when 1052 is divided by 50?
2
Calculate the remainder when 36668 is divided by 36466.
202
Calculate the remainder when 40846 is divided by 978.
748
What is the remainder when 11560 is divided by 288?
40
Calculate the remainder when 25651 is divided by 383.
373
What is the remainder when 7475 is divided by 373?
15
Calculate the remainder when 591 is divided by 189.
24
Calculate the remainder when 260568 is divided by 65139.
12
What is the remainder when 1747290 is divided by 1183?
1182
Calculate the remainder when 38061 is divided by 3460.
1
Calculate the remainder when 947 is divided by 22.
1
Calculate the remainder when 25430 is divided by 1418.
1324
What is the remainder when 2661 is divided by 192?
165
What is the remainder when 1824 is divided by 879?
66
Calculate the remainder when 75241 is divided by 2351.
9
What is the remainder when 40648 is divided by 20322?
4
What is the remainder when 114837 is divided by 174?
171
What is the remainder when 54 is divided by 9?
0
What is the remainder when 922 is divided by 872?
50
What is the remainder when 3733 is divided by 1820?
93
Calculate the remainder when 832 is divided by 198.
40
What is the remainder when 14075 is divided by 110?
105
Calculate the remainder when 117871 is divided by 5124.
19
Calculate the remainder when 1233 is divided by 141.
105
What is the remainder when 146555 is divided by 63?
17
What is the remainder when 26582 is divided by 26576?
6
Calculate the remainder when 4769 is divided by 13.
11
What is the remainder when 79097 is divided by 25?
22
Calculate the remainder when 34638 is divided by 20.
18
What is the remainder when 10670 is divided by 5187?
296
What is the remainder when 587 is divided by 124?
91
What is the remainder when 30915 is divided by 15437?
41
What is the remainder when 3823 is divided by 1901?
21
What is the remainder when 24239 is divided by 43?
30
Calculate the remainder when 106227 is divided by 1455.
12
What is the remainder when 48356 is divided by 39?
35
What is the remainder when 300395 is divided by 13?
4
What is the remainder when 126336 is divided by 155?
11
Calculate the remainder when 4294 is divided by 1038.
142
Calculate the remainder when 10424 is divided by 2600.
24
What is the remainder when 10151 is divided by 41?
24
What is the remainder when 328690 is divided by 26?
24
Calculate the remainder when 461 is divided by 298.
163
What is the remainder when 5296 is divided by 1754?
34
What is the remainder when 19137 is divided by 1123?
46
What is the remainder when 8040 is divided by 205?
45
Calculate the remainder when 80673 is divided by 1154.
1047
What is the remainder when 106382 is divided by 357?
353
Calculate the remainder when 104221 is divided by 89.
2
What is the remainder when 439084 is divided by 43?
11
What is the remainder when 113491 is divided by 288?
19
What is the remainder when 6227 is divided by 17?
5
What is the remainder when 19449 is divided by 1143?
18
What is the remainder when 7084 is divided by 1410?
34
Calculate the remainder when 22633 is divided by 628.
25
Calculate the remainder when 293132 is divided by 31.
27
What is the remainder when 38610 is divided by 839?
16
What is the remainder when 48810 is divided by 223?
196
What is the remainder when 17192 is divided by 30?
2
What is the remainder when 1393 is divided by 160?
113
What is the remainder when 185360 is divided by 37070?
10
Calculate the remainder when 294053 is divided by 288.
5
What is the remainder when 320571 is divided by 214?
213
Calculate the remainder when 11781 is divided by 368.
5
What is the remainder when 83434 is divided by 80?
74
Calculate the remainder when 8395 is divided by 4189.
17
Calculate the remainder when 3453 is divided by 221.
138
Calculate the remainder when 4741 is divided by 162.
43
What is the remainder when 3586181 is divided by 14?
11
Calculate the remainder when 18854 is divided by 45.
44
What is the remainder when 2498 is divided by 1023?
452
Calculate the remainder when 662862 is divided by 42.
18
Calculate the remainder when 171826 is divided by 172.
170
What is the remainder when 15045 is divided by 560?
485
What is the remainder when 4248 is divided by 352?
24
Calculate the remainder when 9786 is divided by 575.
11
Calculate the remainder when 25545 is divided by 35.
30
What is the remainder when 3817 is divided by 1254?
55
Calculate the remainder when 3223 is divided by 268.
7
What is the remainder when 113003 is divided by 87?
77
Calculate the remainder when 9640 is divided by 232.
128
Calculate the remainder when 86096 is divided by 8609.
6
Calculate the remainder when 9406 is divided by 313.
16
Calculate the remainder when 154102 is divided by 32.
22
Calculate the remainder when 33326 is divided